10567
What are the prime factors of 827508?
2, 3, 11, 6269
List the prime factors of 19980499.
7, 11, 47, 5521
List the prime factors of 85845.
3, 5, 59, 97
What are the prime factors of 6083723?
6083723
What are the prime factors of 17334297?
3, 642011
What are the prime factors of 1869154?
2, 7, 19073
What are the prime factors of 664169?
11, 499
List the prime factors of 550742.
2, 275371
List the prime factors of 18392679.
3, 2043631
List the prime factors of 61838.
2, 7, 631
What are the prime factors of 17673945?
3, 5, 1178263
List the prime factors of 2999364.
2, 3, 249947
List the prime factors of 13598906.
2, 37, 127, 1447
List the prime factors of 26553.
3, 53, 167
What are the prime factors of 581270?
2, 5, 37, 1571
List the prime factors of 7267201.
53, 137117
List the prime factors of 427489.
29, 14741
List the prime factors of 781784.
2, 79, 1237
List the prime factors of 1724646.
2, 3, 7, 11, 3733
What are the prime factors of 1723832?
2, 11, 19, 1031
List the prime factors of 10508061.
3, 3502687
What are the prime factors of 1294652?
2, 17, 79, 241
What are the prime factors of 133479?
3, 14831
What are the prime factors of 1569890?
2, 5, 7, 41, 547
List the prime factors of 391578.
2, 3, 11, 17, 349
List the prime factors of 475479.
3, 23, 2297
List the prime factors of 11037684.
2, 3, 7, 101, 1301
List the prime factors of 1447342.
2, 13, 55667
What are the prime factors of 1090853?
919, 1187
What are the prime factors of 254629?
89, 2861
List the prime factors of 236516.
2, 7, 8447
What are the prime factors of 5910761?
5910761
What are the prime factors of 3182558?
2, 47, 33857
What are the prime factors of 15454533?
3, 61, 79, 1069
List the prime factors of 12975894.
2, 3, 263, 2741
List the prime factors of 169885.
5, 61, 557
What are the prime factors of 1245836?
2, 293, 1063
List the prime factors of 1425726.
2, 3, 103, 769
List the prime factors of 1058215.
5, 211643
List the prime factors of 1533741.
3, 11, 46477
What are the prime factors of 2462441?
163, 15107
What are the prime factors of 97575?
3, 5, 1301
List the prime factors of 2163639.
3, 721213
List the prime factors of 9090228.
2, 3, 7, 108217
What are the prime factors of 445207?
7, 63601
List the prime factors of 511379.
11, 46489
What are the prime factors of 353875?
5, 19, 149
List the prime factors of 2180995.
5, 41, 10639
What are the prime factors of 36731530?
2, 5, 11, 333923
What are the prime factors of 910180?
2, 5, 17, 2677
List the prime factors of 23782257.
3, 2642473
List the prime factors of 11775126.
2, 3, 11, 23, 7757
List the prime factors of 4580316.
2, 3, 13, 9787
List the prime factors of 4205013.
3, 37, 43, 881
List the prime factors of 231936.
2, 3, 151
List the prime factors of 196346.
2, 19, 5167
What are the prime factors of 23003?
23003
List the prime factors of 292510.
2, 5, 29251
What are the prime factors of 79356?
2, 3, 17, 389
What are the prime factors of 7604562?
2, 3, 7, 181061
What are the prime factors of 712116?
2, 3, 131, 151
What are the prime factors of 362401?
13, 61, 457
List the prime factors of 6424429.
11, 23, 67, 379
What are the prime factors of 251584?
2, 3931
List the prime factors of 145665.
3, 5, 13, 83
List the prime factors of 87189.
3, 29063
List the prime factors of 115969.
7, 16567
What are the prime factors of 2973028?
2, 17, 43721
What are the prime factors of 313496?
2, 149, 263
List the prime factors of 3619404.
2, 3, 11171
List the prime factors of 570953.
101, 5653
List the prime factors of 291656.
2, 36457
List the prime factors of 195223.
7, 167
List the prime factors of 6553280.
2, 5, 20479
List the prime factors of 512965.
5, 102593
List the prime factors of 9846087.
3, 3282029
List the prime factors of 14358977.
727, 19751
What are the prime factors of 20255?
5, 4051
What are the prime factors of 22111277?
31, 713267
What are the prime factors of 6088951?
11, 23, 41, 587
What are the prime factors of 14980114?
2, 103, 72719
List the prime factors of 86944.
2, 11, 13, 19
What are the prime factors of 2725262?
2, 1362631
What are the prime factors of 9991423?
13, 768571
What are the prime factors of 4338788?
2, 1084697
List the prime factors of 17201543.
17201543
What are the prime factors of 2616899?
37, 107, 661
List the prime factors of 455465.
5, 71, 1283
What are the prime factors of 80570?
2, 5, 7, 1151
What are the prime factors of 263269?
263269
List the prime factors of 268317.
3, 7, 4259
List the prime factors of 2745617.
7, 137, 409
List the prime factors of 4076471.
7, 449, 1297
List the prime factors of 177038.
2, 17, 41, 127
What are the prime factors of 253856?
2, 7933
List the prime factors of 1590871.
43, 36997
What are the prime factors of 17395025?
5, 695801
List the prime factors of 447569.
447569
What are the prime factors of 1131128?
2, 31, 4561
List the prime factors of 26826855.
3, 5, 11, 23, 7069
What are the prime factors of 608135?
5, 11, 11057
List the prime factors of 8253202.
2, 1303, 3167
List the prime factors of 986507.
986507
What are the prime factors of 4515986?
2, 41, 55073
List the prime factors of 4489765.
5, 7, 37, 3467
List the prime factors of 23636.
2, 19, 311
List the prime factors of 12163913.
149, 81637
What are the prime factors of 2307970?
2, 5, 7, 32971
What are the prime factors of 16024735?
5, 487, 6581
What are the prime factors of 2679875?
5, 11, 1949
List the prime factors of 1286821.
1286821
What are the prime factors of 5742124?
2, 17, 84443
What are the prime factors of 43876?
2, 7, 1567
What are the prime factors of 3055206?
2, 3, 7, 11, 17, 389
What are the prime factors of 5099501?
11, 53, 8747
List the prime factors of 94681.
73, 1297
What are the prime factors of 3449862?
2, 3, 13, 23, 641
What are the prime factors of 358057?
7, 51151
What are the prime factors of 12719781?
3, 61, 7723
List the prime factors of 15776362.
2, 7, 1031, 1093
What are the prime factors of 308172?
2, 3, 61, 421
List the prime factors of 163490.
2, 5, 16349
List the prime factors of 139450.
2, 5, 2789
What are the prime factors of 943435?
5, 188687
List the prime factors of 11044.
2, 11, 251
List the prime factors of 2834602.
2, 1417301
What are the prime factors of 88390?
2, 5, 8839
What are the prime factors of 406408?
2, 37, 1373
What are the prime factors of 400847?
251, 1597
What are the prime factors of 99063?
3, 1223
What are the prime factors of 130996?
2, 32749
List the prime factors of 31913.
7, 47, 97
List the prime factors of 137948.
2, 34487
List the prime factors of 885331.
885331
List the prime factors of 1850939.
1850939
List the prime factors of 141358.
2, 7, 23, 439
What are the prime factors of 284412?
2, 3, 137, 173
What are the prime factors of 1294390?
2, 5, 129439
List the prime factors of 151258.
2, 75629
What are the prime factors of 161549?
73, 2213
What are the prime factors of 3312182?
2, 53, 31247
List the prime factors of 103802.
2, 17, 43, 71
What are the prime factors of 21024378?
2, 3, 71, 16451
List the prime factors of 184480.
2, 5, 1153
What are the prime factors of 1584400?
2, 5, 17, 233
List the prime factors of 674390.
2, 5, 17, 3967
List the prime factors of 18154553.
18154553
What are the prime factors of 10948714?
2, 7, 17, 179, 257
What are the prime factors of 4827788?
2, 7, 172421
What are the prime factors of 4902?
2, 3, 19, 43
What are the prime factors of 2092003?
17, 123059
List the prime factors of 31339100.
2, 5, 13, 24107
List the prime factors of 671636.
2, 7, 17, 83
List the prime factors of 29317601.
5347, 5483
List the prime factors of 15977356.
2, 67, 59617
What are the prime factors of 8940020?
2, 5, 447001
List the prime factors of 172230.
2, 3, 5, 5741
List the prime factors of 9921889.
9921889
What are the prime factors of 20069674?
2, 10034837
What are the prime factors of 20015?
5, 4003
List the prime factors of 2074992.
2, 3, 139, 311
List the prime factors of 1720062.
2, 3, 53, 601
List the prime factors of 189900.
2, 3, 5, 211
List the prime factors of 846530.
2, 5, 84653
List the prime factors of 859860.
2, 3, 5, 17, 281
What are the prime factors of 1291407?
3, 13, 33113
List the prime factors of 360760.
2, 5, 29, 311
List the prime factors of 1715839.
509, 3371
List the prime fact